ate the remainder when 81765 is divided by 54.
9
What is the remainder when 328905 is divided by 2963?
12
Calculate the remainder when 107801001 is divided by 1234.
1229
What is the remainder when 111345 is divided by 35415?
5100
What is the remainder when 38359446 is divided by 710360?
6
What is the remainder when 25730817 is divided by 8?
1
What is the remainder when 26607186 is divided by 8869060?
6
Calculate the remainder when 336024 is divided by 303.
300
What is the remainder when 124221478 is divided by 391?
387
What is the remainder when 395739 is divided by 5348?
5335
Calculate the remainder when 7442356 is divided by 362.
360
Calculate the remainder when 985088 is divided by 29.
16
What is the remainder when 19825042 is divided by 1659?
1651
What is the remainder when 3496138 is divided by 1747836?
466
What is the remainder when 2601884 is divided by 4456?
4036
Calculate the remainder when 271275 is divided by 30072.
627
Calculate the remainder when 2103410 is divided by 228.
110
What is the remainder when 1594134 is divided by 69285?
579
Calculate the remainder when 162710 is divided by 2806.
2768
What is the remainder when 18912 is divided by 8637?
1638
What is the remainder when 4533382 is divided by 5253?
43
What is the remainder when 148629 is divided by 997?
76
What is the remainder when 690706 is divided by 57551?
94
Calculate the remainder when 225132028 is divided by 2633.
2629
What is the remainder when 199053 is divided by 324?
117
What is the remainder when 103512070 is divided by 7962466?
12
Calculate the remainder when 131697 is divided by 2296.
825
What is the remainder when 87352967 is divided by 28?
23
Calculate the remainder when 868094 is divided by 173616.
14
What is the remainder when 4894818 is divided by 339?
336
What is the remainder when 3018970 is divided by 71877?
136
What is the remainder when 752025 is divided by 194?
81
What is the remainder when 699211850 is divided by 93?
92
What is the remainder when 97772732 is divided by 9777272?
12
What is the remainder when 1054225 is divided by 1198?
1183
What is the remainder when 31885166 is divided by 709?
18
Calculate the remainder when 409740 is divided by 2009.
1913
What is the remainder when 272144 is divided by 782?
8
Calculate the remainder when 18826289 is divided by 490.
489
Calculate the remainder when 374467 is divided by 62342.
415
Calculate the remainder when 240696058 is divided by 2176.
2170
Calculate the remainder when 100864237 is divided by 2498.
2491
Calculate the remainder when 116751184 is divided by 18.
16
Calculate the remainder when 50873364 is divided by 220231.
3
What is the remainder when 46152 is divided by 1330?
932
What is the remainder when 168019 is divided by 1826?
27
What is the remainder when 66863 is divided by 174?
47
What is the remainder when 9479013 is divided by 1522?
1519
Calculate the remainder when 222977 is divided by 24774.
11
What is the remainder when 30099760 is divided by 5016626?
4
Calculate the remainder when 78709 is divided by 78680.
29
Calculate the remainder when 153255 is divided by 38301.
51
What is the remainder when 41387 is divided by 3125?
762
Calculate the remainder when 776351 is divided by 41.
16
What is the remainder when 803012 is divided by 710?
2
What is the remainder when 7243 is divided by 2343?
214
What is the remainder when 426170 is divided by 4582?
44
Calculate the remainder when 9830032 is divided by 400.
32
Calculate the remainder when 2218708 is divided by 24115.
128
Calculate the remainder when 29738769 is divided by 3396.
3393
What is the remainder when 66809883 is divided by 3221?
3122
Calculate the remainder when 111899 is divided by 111775.
124
What is the remainder when 56103897 is divided by 1725?
1722
Calculate the remainder when 94833057 is divided by 3738.
3735
What is the remainder when 6476731 is divided by 68176?
11
Calculate the remainder when 1653727 is divided by 13555.
17
What is the remainder when 51536185 is divided by 6438?
6433
What is the remainder when 61400129 is divided by 1193?
1191
Calculate the remainder when 7370 is divided by 1839.
14
Calculate the remainder when 276805 is divided by 3380.
3025
Calculate the remainder when 8963007 is divided by 356.
351
Calculate the remainder when 107284 is divided by 8934.
76
Calculate the remainder when 10577 is divided by 2729.
2390
Calculate the remainder when 10766925 is divided by 24.
21
Calculate the remainder when 14968118 is divided by 36.
2
Calculate the remainder when 52238 is divided by 10416.
158
What is the remainder when 510701 is divided by 1870?
191
What is the remainder when 444282 is divided by 411?
402
Calculate the remainder when 25817557 is divided by 8605851.
4
Calculate the remainder when 4220508 is divided by 765.
3
What is the remainder when 22278 is divided by 18697?
3581
What is the remainder when 100890 is divided by 1053?
855
What is the remainder when 418472 is divided by 1177?
637
What is the remainder when 1229331 is divided by 1125?
831
Calculate the remainder when 2933780 is divided by 975.
5
Calculate the remainder when 1367986 is divided by 3832.
3794
Calculate the remainder when 105869897 is divided by 674.
673
What is the remainder when 699589 is divided by 7073?
6435
Calculate the remainder when 27584716 is divided by 574.
572
Calculate the remainder when 547086 is divided by 26008.
918
What is the remainder when 4517924 is divided by 1464?
20
Calculate the remainder when 70316 is divided by 3389.
2536
What is the remainder when 7001619 is divided by 400?
19
What is the remainder when 6964532 is divided by 2321510?
2
What is the remainder when 60543177 is divided by 762?
753
Calculate the remainder when 140189 is divided by 655.
19
What is the remainder when 2119835090 is divided by 7087?
7085
Calculate the remainder when 37738927 is divided by 242.
237
Calculate the remainder when 2668807 is divided by 444771.
181
What is the remainder when 858090 is divided by 1937?
1936
What is the remainder when 9231319 is divided by 29399?
33
What is the remainder when 403807 is divided by 31061?
14
Calculate the remainder when 246977 is divided by 86.
71
What is the remainder when 776034 is divided by 129337?
12
What is the remainder when 1803686 is divided by 297?
5
Calculate the remainder when 6532504 is divided by 3266247.
10
What is the remainder when 132627 is divided by 2336?
1811
Calculate the remainder when 296469 is divided by 477.
252
What is the remainder when 1892091828 is divided by 11081?
11078
Calculate the remainder when 128787 is divided by 8569.
252
What is the remainder when 1721019 is divided by 725?
594
Calculate the remainder when 40922 is divided by 38283.
2639
Calculate the remainder when 21120645 is divided by 5280155.
25
What is the remainder when 2069322 is divided by 1516?
1498
Calculate the remainder when 387469 is divided by 677.
225
What is the remainder when 10374022 is divided by 18896?
118
What is the remainder when 41415 is divided by 7580?
3515
What is the remainder when 1389509 is divided by 3970?
9
Calculate the remainder when 100112544 is divided by 967.
1
What is the remainder when 250077158 is divided by 2537?
2531
What is the remainder when 39780 is divided by 18542?
2696
What is the remainder when 14024943 is divided by 81?
36
What is the remainder when 195714 is divided by 493?
486
What is the remainder when 88293825 is divided by 17658763?
10
What is the remainder when 893425316 is divided by 72?
68
What is the remainder when 36354458 is divided by 4991?
14
What is the remainder when 231899909 is divided by 10?
9
Calculate the remainder when 2510892 is divided by 502153.
127
Calculate the remainder when 1454463 is divided by 2781.
0
Calculate the remainder when 1374545 is divided by 1971.
758
Calculate the remainder when 96777 is divided by 13654.
1199
What is the remainder when 10380223 is divided by 236?
235
What is the remainder when 47249393 is divided by 4227?
4214
Calculate the remainder when 47824 is divided by 11768.
752
What is the remainder when 58568 is divided by 1283?
833
What is the remainder when 176324 is divided by 3307?
1053
What is the remainder when 419464 is divided by 865?
804
Calculate the remainder when 102340 is divide